d**3 + 8 - 5 - 1 - d - d**3 + d**2. What is a(2)?
12
Let t(z) = -z**3 + 3*z**2 - 3. Let a = 3 + -2. Suppose -3*m + 7 = a. Let r(k) = 2*k - 1. Let b be r(m). Give t(b).
-3
Let j(m) = -m**2 + 7*m + 3. Let x be 4/(-5)*(-75)/10. What is j(x)?
9
Let d(w) = w**2 - w + 6. Let z(t) = -t**2 - 6*t - 9. Let g be z(-3). Determine d(g).
6
Let g(k) = 4*k**2 + 7*k**3 - 2*k**3 - 3 - 4*k**3. What is g(-4)?
-3
Suppose 5*v - 89 - 6 = 0. Let c(o) = -o - 24 + v + 3*o + o**2. Determine c(-4).
3
Let i(q) be the second derivative of 1/3*q**3 - 1/20*q**5 + 1/4*q**4 + 7*q + 5/2*q**2 + 0. Give i(4).
-3
Let z(c) = -c**2 - 2*c - 1. Suppose 5*x + 35 = 5*h, -3*x - x + 17 = 5*h. Let o be x/(-6) - 57/9. Let b(v) = v**2 + 6*v - 3. Let r be b(o). Give z(r).
-4
Let q(a) = a**3 + 5*a**2 - 5*a + 3. Let o be q(-5). Suppose 0*z + n + 19 = 3*z, 5*z + 2*n = o. Let x(k) = -k**3 + 6*k**2 - 2*k + 7. What is x(z)?
-5
Let v(d) be the first derivative of d**2/2 + 4*d - 7. Give v(0).
4
Let s(z) = 2*z - 11. Let h(j) = -4*j + 21. Let g(t) = -3*h(t) - 5*s(t). Determine g(6).
4
Let y(x) be the second derivative of x**4/12 - 2*x**3/3 - 3*x**2 - x. Let b be 4/14 - (-66)/14. What is y(b)?
-1
Let w = 3 + 0. Let y(s) = -w*s + s + s + 1 - 9*s**2. Let j(i) = -i**3 - 7*i**2 + 9*i + 9. Let m be j(-8). Give y(m).
-9
Suppose 4*s - s = 3*k + 33, 2*k + 2*s = -2. Let u(i) = i**2 + 7*i + 3. What is u(k)?
-3
Let q(x) be the third derivative of -x**5/60 - x**4/6 + 2*x**3/3 + 10*x**2. Give q(-3).
7
Let q(h) = 2*h - 5. Let w be q(0). Let z(d) = -2*d + 4. What is z(w)?
14
Let o(k) = -5*k + 5. Let m(v) = 6*v - 5. Let c(d) = -6*m(d) - 7*o(d). Let p(g) = g + 6. Let l(h) = 6*c(h) + 5*p(h). What is l(-6)?
6
Let z(x) = -x. Let l(t) = -5*t - 10. Let f(w) = l(w) - 4*z(w). What is f(-5)?
-5
Let p(g) = -g**2 - 4*g + 4. Suppose -2*x = 2*x - 48. Suppose 4*q + x = q. Let w(n) = -n**2 - 4*n + 4. Let f(u) = q*p(u) + 3*w(u). Determine f(-5).
1
Let j(k) = k**2 + k - 4. Let p = -17 - -14. What is j(p)?
2
Let m = -12 - -16. Let v(w) = w**2 - 4*w + 2. What is v(m)?
2
Let j(o) = 8 - o - 10 - 5. Calculate j(0).
-7
Let r = 3 - 4. Let w(k) = k**2 - 9*k + 12. Let s be w(8). Let a(g) = 4 - s + 5*g + 1. Determine a(r).
-4
Suppose -4 = 5*p - 2*u + 8, 0 = p + 3*u - 1. Let i(f) = -2*f + 2. Let m(d) = 2*d - 2. Let h(a) = 3*i(a) + 2*m(a). Calculate h(p).
6
Let v be 2/8 + 14/8. Let x(l) = l**3 - 98*l**2 + 2 + 46*l**2 + 51*l**2. Calculate x(v).
6
Let z = -8 - -12. Suppose -2*o - 3*o = z*u + 5, 3*u + 18 = o. Let b(y) = 9*y**3 - 5*y**2 - y**2 - 8*y - 6 - 10*y**3. Determine b(u).
9
Suppose 4 = 4*h - 0. Suppose -p + h = -0. Let u(m) = m - 2 - p + 1. Calculate u(1).
-1
Suppose 5*m = -u - 10, 0 = m - 4*u - u - 24. Let l(v) = -7*v**2 + 8 - 8 - v. Calculate l(m).
-6
Let t(a) = -a**3 + a**2 - 1. Let y = -4 + 5. Let m(l) = 9*l**3 - 5*l**2 + l + 6. Let n(i) = y*m(i) + 6*t(i). Calculate n(-1).
-3
Suppose 5*k = -3*p - 20, -2*p - 6 = -k + 3. Let z(d) = -7*d - 1. Calculate z(k).
6
Let d(j) = -2*j**2 + 1. Suppose f = -0*f + 3. Suppose 14 = -a + 4*c - f, -2*c = -2*a - 10. Calculate d(a).
-1
Let q(t) = t**3 + 4*t**2 + 2*t + 1. Let i = -18 + 14. Give q(i).
-7
Suppose -8 + 3 = -j. Let h(g) = -j*g - g**2 + 7 - 2 + 0*g. Give h(-5).
5
Let m(d) = 6 - d - 3*d + 5*d. Calculate m(-3).
3
Let l(r) = -8*r - 3. Let c be l(-1). Let g(y) = -2*y + 7. What is g(c)?
-3
Let l(d) = d**3 + d + 0*d**3 - 2 - 3*d**2 - d**2 + 3. Determine l(2).
-5
Let u(n) = -3*n - 2*n - 5 + 4*n + 4*n. Determine u(5).
10
Let i(b) be the second derivative of 0*b**3 + 0 + 7/2*b**2 + 4*b + 1/12*b**4. What is i(0)?
7
Let r(s) = 6*s + 4 - 3*s**2 - 4*s**2 + 8*s**2. Calculate r(-4).
-4
Let b(m) = -m**3 + m**2 + 5*m - 3. Suppose 2*v + c + 0*c - 9 = 0, 0 = c - 3. What is b(v)?
-6
Let i(l) = -6*l**2 - 3*l**2 - 3 + 0*l + 8*l + l**3 - 1. Let w be i(8). Let o(k) = -3*k - 2. Determine o(w).
10
Let c(u) = u - 3. Let l be 4/1*9/(-6). Suppose -19 = -2*w - 1. Let b = l + w. Determine c(b).
0
Let x(t) = -t**2 - 2*t - 1. Let j(v) = -v**2 + 1. Let i(g) = -11*g**2 - 2*g + 3. Let b(u) = i(u) - 4*j(u). Let m be b(-1). Let h = m - -3. Give x(h).
-4
Suppose 4*n - 3*g = -2*g + 509, 3*n + g = 373. Let f(h) = -1 - n*h + 2 + 127*h. Give f(3).
4
Suppose -a = -0 - 5. Let x(p) = p**2 + 3 + a*p + 0*p + 0*p**2. Suppose 2*o + 26 = -4*k, -2*o + 5*k = -4 - 6. Calculate x(o).
3
Suppose 5*i = -2*k - 4, -3*i - 2*k = -4*i + 4. Suppose i = 3*d - 0 + 6. Let j(v) = v + 1. Give j(d).
-1
Let v(u) = -11*u - 2*u**2 + u + 6*u - 1 + 5*u. Calculate v(3).
-16
Let l(o) be the first derivative of -o**2/2 + 8*o - 11. Determine l(6).
2
Let j(q) = -25*q**2 - 2*q - 7. Let o(r) = -24*r**2 - 2*r - 6. Let z(k) = -5*j(k) + 6*o(k). What is z(-1)?
-18
Suppose 2*w + 2*w - 12 = 0. Let a(v) = v**2 + 2*v + 3. Let d be a(-2). Let x(n) = -3*n + n - d + 0*n + 1. Determine x(w).
-8
Let l(h) = -6*h**2 - 3. Let d(j) = 24*j**2 + j + 13. Let a(s) = 2*d(s) + 9*l(s). Give a(1).
-5
Let a(q) = q**3 - 5*q**2 + q - 5. Let p be a(5). Suppose -o - 4*o = p. Let u(f) be the second derivative of f**3/6 - 7*f**2/2 + 2*f. Give u(o).
-7
Let h(r) = -6*r + 4. Let d(p) = -5*p + 3. Suppose g + 12 = -2*w, 0*w - 8 = -2*g + 4*w. Let y(t) = g*d(t) + 3*h(t). Calculate y(-4).
-8
Let u(r) = r**3 + r**2 + 7. Suppose o - t = 4 - 1, 5*o - 6 = -4*t. Suppose -4*l = l - 25. Suppose z - 2*w = -w, o*z = -l*w. Give u(z).
7
Let h(t) = -5 + 3*t + 2 - 3 - 6*t. What is h(-5)?
9
Let g(t) be the second derivative of -t**5/20 + t**3/6 - 7*t**2/2 + 8*t. What is g(0)?
-7
Suppose 6*b = 4*b + 6. Suppose 3*x - 2*z - 44 - 8 = 0, 4*z - 40 = -3*x. Suppose -7*k + b*k = x. Let g(p) = -p - 7. What is g(k)?
-3
Let k(q) be the third derivative of 1/24*q**4 + 0*q + 4*q**2 + 0 - 5/6*q**3. Calculate k(0).
-5
Let h(k) = -7*k**2 - 2*k - 1. Let p be (46/10)/((-5)/(-25)). Suppose 4*m = p + 5. Let t = m - 8. Give h(t).
-6
Let u(g) = -g**2 - 8*g + 6. Suppose -q - 4*q = -2*p - 6, p + 4*q = -16. Give u(p).
6
Let n(v) be the third derivative of v**4/6 - v**3/6 + 3*v**2. Let b(o) = o**2 + 13*o - 4. Let l(p) = 2*b(p) - 7*n(p). What is l(-2)?
11
Let b(r) be the third derivative of r**7/840 + r**6/90 + r**5/60 - r**4/24 - 5*r**3/6 + r**2. Let o(x) be the first derivative of b(x). Determine o(-2).
3
Let u(t) be the third derivative of t**5/60 + t**4/6 + t**3/3 + 10*t**2. What is u(-4)?
2
Let h = -10 - -6. Let j(a) = 3*a + 5. Give j(h).
-7
Let a(u) be the second derivative of u**3/6 + u**2 - 3*u. Let d = 7 - 14. Let i = -3 - d. Give a(i).
6
Let c(d) = d + 3. Let f be c(6). Let q(n) = f + n - 2 - 4*n. Calculate q(5).
-8
Let w = 4 + -3. Let v be (0 + w)*24/6. Let s(k) = k**2 + 0*k - 6*k - 2 + k. Give s(v).
-6
Let i(z) = z**2 - 8*z + 5. Let q = 49 + -43. Give i(q).
-7
Let k = -67 + 67. Let o(w) = -2 + 2*w + 7 - 3*w. Determine o(k).
5
Let t(v) = -v**2 - 4*v + 1. Let c = -2 - -4. Let w be 3*(c + (-24)/9). Let d be t(w). Let i(x) = -2*x + 4. Determine i(d).
-6
Let v(m) = 35*m + 3. Let l(b) = -12*b - 1. Let y(o) = -8*l(o) - 3*v(o). What is y(1)?
-10
Let z(k) = 22*k**2 - 2*k + 2 - 39*k**2 + 13*k**2. Give z(2).
-18
Let i(x) = -10*x + 27. Let a(o) = -2*o + 5. Let d(h) = -11*a(h) + 2*i(h). Let z(t) = -3*t**2 - 2*t - 1. Let b be z(-1). What is d(b)?
-5
Let t(z) be the first derivative of -z**6/120 + z**5/12 - z**4/24 - z**3/3 + z**2/2 + 1. Let c(n) be the second derivative of t(n). Give c(5).
-7
Let y(i) = i**2 + 9*i + 5. Suppose 0 = -4*g + 2*d - 30, 0 = g + 3*d - 4 + 1. Determine y(g).
-13
Let b(o) = 3*o**2 + 2*o - 2. Let z = -8 + 4. Let v(i) = -i**2. Let h(l) = z*v(l) - b(l). Calculate h(3).
5
Let b(x) = x**3 - 4*x**2 - 6*x + 6. Let q(c) = 5*c**3 - c + 1. Let v be q(1). Calculate b(v).
1
Let k = -5 - -7. Let c(z) = -13*z**2 - 4*z + 5*z + 18*z**k. Determine c(-1).
4
Let b(h) be the third derivative of -h**6/120 - h**5/20 - h**4/12 - h**3/3 + 6*h**2. Let f(t) = -3*t - 4. Let a be f(-6). Let n be (-18)/4*a/21. Determine b(n).
4
Let i(s) = -2*s**2 + s + 2. Let r = 25 - 13. Suppose 0 = 2*d - r - 4. Let j = d - 6. What is i(j)?
-4
Suppose 4*o + 7 = 83. Suppose 5 = 3*c - 2*c + p, 2*p - o = -5*c. Let t(i) = -i**3 + 2*i**2 + i + 1. Give t(c).
-5
Let t(k) = -k**2 + k. Suppose 0*j + 8 = 4*j. Suppose 0*s = -j*s + 4. Give t(s).
-2
Let j(g) be the third derivative of g**6/80 + g**4/24 - g**2. Let v(h) be the second derivative of j(h). What is v(-1)?
-9
Let g(r) = -r**2 + 